 - 9*d + 9. Let c be g(q). Let r = 1 - c. What is the units digit of r?
6
Let t = 53 - 36. Suppose 3*b = 2*w - t, 7*b = -3*w + 3*b. What is the units digit of w?
4
Let k be 4/12 + 2/(-6). Suppose k = q - 4*i - 8, 9 = 2*q - 0*q - i. What is the units digit of q?
4
Let f(m) = 3*m - 1. Let d be (1 - 2)/((-1)/1). What is the units digit of f(d)?
2
Let c(r) = 2*r**2 - 5*r + 1. What is the units digit of c(4)?
3
Suppose -4*z + 254 = -3*s, 2*z + z - 182 = -2*s. What is the units digit of z?
2
Let c be (-5*10)/(-1 + 2). What is the units digit of 20/90 + c/(-18)?
3
Suppose 0 = -0*x - 4*x + 44. Suppose 2*n = 37 - x. What is the tens digit of n?
1
Let b(u) = -u - 4. Let r be b(-3). What is the units digit of r/4 - 13/(-4)?
3
Suppose 9*r - 836 = -2*r. What is the units digit of r?
6
Suppose 0 = 3*i + 4*o + 11, -i - 16 = -3*i + 2*o. What is the units digit of i?
3
Suppose 0 = 4*t - 7 - 13. Suppose -t*k - 2*d = d, 29 = 3*k - 4*d. Suppose 30 = 2*m + k*h, 37 = 4*m + h - 3. What is the units digit of m?
9
Suppose 3*z - 6 = -0. Let m be 12/(-8) + (-3)/2. Let v = z - m. What is the units digit of v?
5
Suppose -3*x - 5*b + 48 = -68, -4*x + 5*b = -178. Suppose h = -h - x. What is the units digit of (-4)/10*(h + 1)?
8
Suppose 0 = -4*i - 6*i + 990. What is the units digit of i?
9
Let c(r) = r**3 + 4*r**2 - 4*r + 7. Let f be c(-5). Let u be ((-2 + f)*-1)/(-2). Suppose -h + 5 + 4 = u. What is the units digit of h?
9
What is the units digit of -3 - (0 + 12/(-3))?
1
Suppose -3 - 5 = -s. Let y(p) = p**2 - 9*p + 10. Let l be y(s). Let o = 1 + l. What is the units digit of o?
3
Let z(n) = -2*n**3 - 10*n**2 + 4*n + 13. What is the hundreds digit of z(-7)?
1
Let y(z) = z**3 - 4*z**2 + 8*z - 8. Let w be y(6). Suppose -n = 4*n + o + w, -3*n - 2*o - 70 = 0. What is the units digit of (3*1)/((-6)/n)?
1
Suppose 3*j + 4 = 13. Let n be (j + -2)*(-1 - 2). What is the units digit of n/(-3) - (-4 + -1)?
6
Suppose -22 = -6*w - 4. What is the units digit of w?
3
Suppose q + 2*q + 15 = -5*u, -4*q = -5*u - 50. Let i = 8 + u. What is the units digit of 6/(-8)*i*-2?
3
Suppose 4*d + 2*j - 194 = 0, -j + 5*j - 188 = -4*d. What is the units digit of d?
0
Let i(h) = -h**3 + 14*h**2 - 5*h - 1. Suppose -5 = -2*l + 5. Let g(f) = -f**3 + 13*f**2 - 4*f. Let j(p) = l*g(p) - 4*i(p). What is the units digit of j(9)?
4
Suppose z = -0*z. Suppose z = -5*b - 6 + 16. What is the units digit of ((1 - b) + 0)*-2?
2
Let b be 117/(-12) + (-6)/(-8). Let t be (-2)/b - (-145)/(-45). What is the units digit of (4*-3)/(3/t)?
2
Let b = 20 + -14. Let p be b/9 + 12/9. Suppose -2*i + 8 = 0, -q - 5 = -p*q + 2*i. What is the tens digit of q?
1
Let b(l) = 6*l**2 + 2*l - 1. What is the tens digit of b(5)?
5
Let c = 2 - 2. Suppose 5*o - 47 = 5*n + 38, c = -n - 4. What is the tens digit of o?
1
Let p(l) = 5*l**3 + 29*l**2 - 29*l + 3. Let h(z) = -z**3 - 7*z**2 + 7*z - 1. Let r(t) = -9*h(t) - 2*p(t). What is the units digit of r(3)?
6
Suppose 5*b = -3*c - 75, -4*b - 12 - 70 = -2*c. Let s = b - -30. What is the tens digit of s?
1
What is the units digit of (3 - (111/(-3) + 4))*5?
0
Let f(z) = -5*z**3 + 24*z**2 - 46*z + 56. Let q(r) = -r**3 + 5*r**2 - 9*r + 11. Let u(s) = -2*f(s) + 11*q(s). What is the units digit of u(6)?
3
Let d = 13 + -9. Let p(t) = t. Let w be p(7). Suppose -d*b = -5 - w. What is the units digit of b?
3
Let v be 3/((-3)/2) + 40. Suppose 0 = -5*m - 25, 0 = -3*z - 6*m + m + v. What is the tens digit of z?
2
Let c(t) = 1. Let v(b) = b + 1. Let q(u) = 4*c(u) - 2*v(u). Let w be q(2). What is the units digit of (-34)/(-4) + w/(-4)?
9
What is the tens digit of (-240)/(-11) - (-12)/66?
2
Let x be (-4)/(-16) - (-51)/(-12). What is the units digit of 2*x/(-24)*48?
6
Let k(s) = -4*s + 3. Let q be (-4)/14 + (-46)/(-14). Let n be k(q). What is the units digit of n/(-3) - 3*-1?
6
Suppose 0*c - 1 = -2*y + c, 0 = -2*y - 5*c + 31. Let u(b) = 2*b**2 - 2*b - 1. Let o be u(y). Suppose -5 = -2*r + o. What is the units digit of r?
8
Suppose 2*d - 28 = 86. Let f = d - 17. Suppose -2*x - 3*x + f = 0. What is the units digit of x?
8
Let u(d) = d**2 - 19*d + 31. What is the tens digit of u(21)?
7
Let h = 44 - 21. What is the tens digit of h?
2
Suppose 8 = 2*j + 56. Let w = -13 - j. What is the tens digit of (6/(-3) - -1) + w?
1
What is the units digit of (-30)/75 - (-202)/5?
0
Let o(n) = -3*n**3 + 2*n + 3. What is the units digit of o(-2)?
3
Suppose -3*p = -0*p - 81. What is the tens digit of p?
2
Suppose 3*v + 7 = -5, q - 54 = -3*v. What is the tens digit of q?
6
What is the units digit of ((-45)/(-10) - 5)*-92?
6
Suppose y - 4*y = 0. Suppose -60 = -5*b + 5*z, y = -2*b - 2*b - z + 38. What is the tens digit of b?
1
Suppose 384 = 16*s - 12*s. What is the units digit of s?
6
Let u(q) = q**2 - 3*q - 1. Let p(c) = 1. Let v(m) = -5*p(m) + u(m). What is the tens digit of v(-4)?
2
Suppose -33 = -2*h + 2*l + 49, 5*h - 2*l = 199. What is the tens digit of h?
3
Suppose 3*k = -5*k + 760. What is the units digit of k?
5
Let x(o) = -o**2 - 6*o + 4. Let q be x(-6). Suppose -m + q*y = -14, y = -4*m + 6*y + 45. What is the units digit of m?
0
Let z(m) = 7*m**3 - 2*m**2 - m. Let s be z(-1). Let k(y) = -y - 2. What is the units digit of k(s)?
6
Let k(h) = h**2 - 11*h + 7. What is the units digit of k(13)?
3
What is the hundreds digit of (1962/(-45))/((-1)/5)?
2
Let k = -383 + 608. What is the tens digit of k?
2
Let w be (-17)/(-5) + 14/(-35). Let k(r) = -r**2 - r**2 - 2 - r**w - 1 - 2*r + 3*r. What is the units digit of k(-3)?
3
Let n be -6*2*3/(-9). Let f be n/(-10) + (-124)/(-10). Let a = -4 + f. What is the units digit of a?
8
Let w = 23 - 13. Let r = w + -2. What is the units digit of r?
8
Suppose 6*x + 14*x - 1460 = 0. What is the units digit of x?
3
Let f = -8 - -13. Suppose -f*b = -0*b - 30. What is the units digit of b?
6
Suppose 3*v - 114 = v. Suppose -9 = 4*l - v. What is the units digit of l?
2
Let d(z) = -z**2 + 3. Let k be d(3). What is the units digit of (-22)/k - 8/12?
3
What is the tens digit of ((-30)/20)/(6/(-112))?
2
Let b = -21 - -15. Let c be (b/3 - -10) + -1. Suppose 2*p - c = -3. What is the units digit of p?
2
Suppose -214 = -5*z + 86. Suppose 0*p = 3*p - z. What is the units digit of 12/p - (-87)/5?
8
Suppose -2*v = -2*u - 1 - 3, v = 4*u + 8. Suppose 0 = c + c - 10. Let i = c + u. What is the units digit of i?
3
Let q(z) = -z**2 - 10*z - 11. Let l be q(-8). Let f = 6 - l. What is the units digit of f?
1
Suppose 0*n = 2*n + 16. Let w = 17 + n. What is the units digit of w?
9
Suppose -2*d + 16 = -3*l - 0*l, 5*d = 5*l + 30. Suppose 0 = -2*p - h + 21, 6 = d*p - 5*h + h. What is the units digit of p?
9
Suppose 0 = 3*r + 2*r - 500. What is the hundreds digit of r?
1
What is the units digit of (-7)/((-3)/36*3)?
8
Let k be 0/(-3) - (-4 + -1). Suppose -u + k = v, 4*u - 7*v + 2*v = -7. Suppose -u = -3*g - 5*x - 4, 0 = 2*g + x - 8. What is the units digit of g?
6
Let x be (-4)/6 + (-50)/6. Let z be ((-15)/x)/(2/36). Suppose 2*k + k = -v + 18, -5*v + z = 5*k. What is the units digit of k?
6
Let t = 2 + -2. Suppose -q - 5*s = -22, 0 = 3*q - q + 5*s - 24. Suppose t*p - 24 = -q*p. What is the tens digit of p?
1
Let u = -1 + 3. Let r be (2/u)/((-2)/26). Let l = 18 + r. What is the units digit of l?
5
Suppose 0 = -4*d + 3*i + 261 + 548, -1010 = -5*d + 5*i. What is the tens digit of d?
0
Let o = -13 + 16. Suppose -o*c + 133 - 19 = 0. What is the units digit of c?
8
Let w be (-4)/(-16) - 27/(-4). What is the units digit of 6/(-21) - (-128)/w?
8
Suppose 5*h + 4*i - 99 = 0, -h + 3*i = 5*i - 21. Suppose 3*t - h = 2*t. What is the tens digit of t?
1
Let b(h) = -4*h + 6. What is the units digit of b(-4)?
2
Let h be (-4)/(-3)*(1 - -2). Suppose -h*w - 60 = -3*w. What is the tens digit of 4/5*w/(-4)?
1
Let d(s) = s**3 - 2*s**2 - 3*s + 2. Let u be d(3). Suppose -5*h + u*h = -54. Suppose v - h = -3*b, 5*b = b + 20. What is the units digit of v?
3
Let o(c) = -2*c**2 + 6. Let y(l) = l**2 + l - 6. Let k(r) = -3*o(r) - 2*y(r). What is the units digit of k(-2)?
4
What is the tens digit of (-224)/(-6) - 11/33?
3
Let r = 14 + -34. Let k = -8 - r. What is the tens digit of k?
1
Let y(q) = -7*q - 6. Let h(t) = 6*t + 5. Let w(x) = 6*h(x) + 5*y(x). Let d be w(3). Suppose d*m - 40 = m. What is the units digit of m?
0
Suppose 2*t - t = -3*g + 48, 4*t = 3*g - 48. 